-17 - 48) - -71.
71
Evaluate 25 + -6 + (8 - (10 - -21)).
-4
-56 + (-111 - -70) + 1 + 3
-93
What is the value of -8 - (-30 + -9) - (76 - 65)?
20
-62 - (-18 + 11 - (59 - 41))
-37
(87 - -34) + -41 + -9
71
Calculate (8 - (2 + 0)) + (-32 - -34) + (-1718 - -1822).
112
Evaluate 18 + (60 + -32 - (18 - -11)).
17
(-860 - -927) + (0 - 2 - -1 - -4)
70
What is 20 + (7 - 20) - (418 + -424)?
13
What is (-65 - -42 - (1 + -35)) + 28?
39
What is 1 + -16 + (121 - 21 - 79)?
6
Evaluate 30 + -11 + -2 - -53.
70
What is the value of 0 + 0 + (-10 + 8 + -2 - 0) - 11?
-15
11 + (8 + (13 - (85 + -13)) - 4)
-44
Calculate -77 - (23 + -83 - -34).
-51
Evaluate 21 + (-22 - -24) + 17 + -1.
39
What is the value of 8 + (-13 + -14 - -45) + 43?
69
Calculate -12 + -1 - (12 + (1 + 10 - 22)).
-14
What is (9 - -8 - 15) + (-2 - -37) - -5?
42
What is the value of 7 + 10 - (-4 + 4 + (186 - 96))?
-73
What is 44 - -10 - 54 - -1 - (2 + 24)?
-25
Evaluate 4 + -3 + (-57 - (33 + -35)).
-54
What is the value of 121 + -234 - (-70 + -107)?
64
What is -32 - 1 - (64 + 110 - 101)?
-106
(-205 - -242) + 6 + -23
20
-70 - (-5 - (-18 + (-19 - -53)))
-49
What is the value of 106 + -20 - ((-3 - -1) + 24 + -42)?
106
What is the value of 2 - 2 - (33 + -1) - (-130 - (-79 - 58))?
-39
Evaluate (-20 - (-26 - 34)) + (9 - 1).
48
-1 + ((30 - (-17 + 29)) + -8 - 86)
-77
38 + (-39 - 2) - (-49 + -1 + 0 - 1)
48
What is 1 - (-1 + 2 + -2) - (-528 - -544)?
-14
What is the value of -95 + -97 + 167 - -75?
50
Evaluate (-40 + 34 + 45 - 9) + (2 - 5).
27
What is (80 - 35) + -129 - -65?
-19
Evaluate -6 + 13 + -4 + 3 + -18 + (-5 - -3).
-14
Evaluate 14 + 43 + -55 + -64.
-62
29 + -6 + -18 + 40
45
Evaluate (-27 - -13) + (-64 - -4) + -32.
-106
Evaluate -4 - (10 + (14 - 23) + -4 + -1).
0
30 + (-435 + 424 - (0 + 1)) + 8
26
12 + 0 + 0 + (-3 - -7) + -18
-2
Calculate 58 + ((-13 - -23) + 2 + 2 - (203 - 185)).
54
Evaluate -34 + (-45 - -44 - -20) + -1 + -3.
-19
Calculate 4 + (-1 - 0) + (19 - (54 - 80) - 64).
-16
Calculate 2 - 72 - (-4670 - -4690).
-90
What is the value of (15 - (25 - (-1 - -18))) + 1 + -11?
-3
Calculate -108 + -124 - -220 - (2 - -1).
-15
What is the value of (-15 - (-10 - 17)) + -3 + (-6 - 14)?
-11
What is the value of -1 + (9 - 0 - (238 - 239) - (-17 + -2))?
28
(63 - (273 + -100)) + 173
63
Calculate (-56 - (-1 - (-3 - -1))) + 18 + -12.
-51
Calculate 40 - ((33 - 8) + 51).
-36
-7 + (-58 - (-63 - 32))
30
Calculate -47 + 33 + 2 - (-6 - (0 + 3 + -7)).
-10
Calculate 15 + (26 - 41 - -76) - (-13 - -3).
86
13 - (26 + 120 - (-2 - 0 - (5 + -11)))
-129
What is -90 - (-26 - (-2 + (-12 - 0) + 6) - -6)?
-78
Evaluate -1486 + 1451 - (3 + 4 + 43).
-85
What is (144 - 155) + -23 + -2 + (14 - 10)?
-32
What is -52 - (11 - (15 + 19) - -29)?
-58
What is the value of (-65 - -16) + 80 + 8?
39
What is the value of -11 + (90 - 78) + -2 + 24?
23
-23 - (-2 - -1) - (79 - (-54 - -49 - -78))
-28
What is (25 - 87 - (2 + -2)) + 10?
-52
What is the value of (-365 - -308) + (106 - 4)?
45
-32 + 3 + (74 - 45)
0
Evaluate -131 + 124 + (6 - -39) - (11 - (3 + -1)).
29
What is the value of (-6 + 7 - 54) + (7 - 0 - 5) + -7?
-58
(-36 - 26 - -88) + -79
-53
Calculate -14 + -75 + 9 + -24 + 16.
-88
-5 - (-231 - (-261 + 143))
108
Calculate -9 + 2 + 133 + -113.
13
What is the value of 0 - -8 - 9 - (-9 - (-6 - (-9 - 3)))?
14
49 - (57 + (-95 - -47))
40
-59 - (23 + -13 + -10 + 6 + -5)
-60
What is -32 - (-13 - -2) - -19?
-2
3 + (8167 + -8215 - (-13 + 1 - -1 - 0))
-34
12 + -16 - 51 - -27
-28
What is -1 - -13 - ((20 - 41 - -3) + 30)?
0
What is (1 + -63 + 279 + -271 - 13) + 6 + -6?
-67
Evaluate -6 + 57 + -7 + -8 + (25 - 2).
59
What is the value of -109 + (11 - 22) + (7 + 2 + 11 - -6)?
-94
What is the value of -36 + 2 - (1 - 2 - (125 - 128))?
-36
Calculate (2 - -17) + -28 - -58 - (-9 + 12).
46
Calculate 1 + (-32 - 0 - ((-17 - (-31 + 18)) + 8)).
-35
What is (75 - (75 + -64)) + -31?
33
(-16 - -1) + 32 + 206 + -288
-65
What is the value of -24 - (-3 + 25) - 32?
-78
What is -47 + (52 - (4 - -39))?
-38
Calculate (15 - (-19 - -32 - -19)) + -126 + -6.
-149
Evaluate (0 - 6) + 1 - ((157 - 73) + -68).
-21
Evaluate -46 - (-41 - -86 - 52).
-39
Evaluate -1 + -8 + (7 - 58 - (-295 + 224)).
11
What is 3 + -6 - -4 - (35 - (57 + -23))?
0
What is the value of -254 + 217 - (1 - (-8 + 7 - -18))?
-21
Evaluate (-88 - -7) + (-11 - 1) + (-31 - -56).
-68
Evaluate 12 + -53 + 63 + -1 + 17.
38
Evaluate 117 + -36 + 44 + -103.
22
Calculate -14 + 21 - (0 - (3 - -24) - (98 + -97)).
35
Evaluate -42 - 0 - (16 + 2 + -8 - 7).
-45
What is the value of 253 + -103 + -75 + -123?
-48
What is the value of -18 + (-24 - -39) + 88?
85
Evaluate -40 + (-75 - -1) + (-681 - -708).
-87
What is the value of 0 - (-17 + 9 - -3 - 4) - (1 + 17)?
-9
Calculate (-59 - -113) + -31 + -116.
-93
Evaluate (1 + -33 - 0 - (-1523 + 1533)) + -4.
-46
Calculate 30 + -35 + -14 - 8.
-27
What is the value of (2 + 3 - 2) + 29 + 52 - (-1112 - -1109)?
87
What is the value of 5 - ((9 - (14 + -9)) + -8) - 7 - -2?
4
What is 8 + 2 - ((-1 - -6) + -24) - 13?
16
What is -6411 + 6488 - (0 - 35)?
112
What is 37 + (20 + -12 - 22 - (-5 + 1))?
27
What is the value of (23 - (134 + -168)) + -16?
41
What is 130 + -89 + -43 + 3?
1
Calculate (70 - (28 - -52)) + -45.
-55
What is the value of (-4 + -35 - 1) + 47 + -82?
-75
What is the value of 274 + -147 + -113 - (-64 - -3)?
75
What is -90 - (-4 + 0) - (-156 - -143)?
-73
Evaluate -16 - (-8 - (9 + 2 - 23)).
-20
Evaluate -2 + -33 - (9 - (2 - 4 - (-15 - -4))).
-35
Evaluate 5 + -6 + 1 + (354 - 271).
83
What is the value of (279 - 285) + (2 - -1 - -14) + -64?
-53
(-2 - 10) + 0 + 8 + 8 + -13
-9
-4 + (67 - (23 + -13 + -2) - 3)
52
Calculate -72 + (-40 - (-4 + 32 - 56)).
-84
What is 2 - (-44 - (-2 + -36))?
8
55 + (-6 - 0) + 42 + -84 + 60
67
-1 + -102 + 14704 + -14642
-41
Calculate -11 + -3 - (-19 + (1 + -19 - 5)).
28
What is the value of 11 + (17 - 17) + -35 + 33?
9
Evaluate -335 + 387 - (2 - -44).
6
Calculate -8 - (0 - 0) - (79 - 67).
-20
8 + (-1 - 1) + -8 + (3 - 10)
-9
What is the value of -13 + -2 + (64 - 0 - 76)?
-27
What is the value of (-10 - (-2 - -1)) + (126 - (-39 + 25 + -6))?
137
Calculate 1341 - 1321 - (4 + (3 - 1)).
14
Calculate -5 + (-8 - -31) + -4 + 28 + 14 - -9.
65
(2 - -49) + (-264 + 266 - (-6 + (-1 - 0)))
60
What is (25 - 5) + (-6 + (3 - -6) - -5)?
28
What is -19 + (-25 - -19) - (-39 - -60)?
-46
Evaluate 43 + -3 + 4 + 203 + -228.
19
Evaluate 48 + (12 + 1 - -4) + -20.
45
Calculate -25 - (-42 - (-29 + 62)).
50
What is (-1 + 1 - (10 + -60 + 22)) + (7 - 1)?
34
Calculate -107 - (78 - 175) - -65.
55
Evaluate -5 - (9 - 2 - (-34 - (-3 + -2 - -3))).
-44
What is 4 + -2 - ((1 - (3 - -12 - 6)) + -4)?
14
-40 + (11 - (17 - -2 - 22))
-26
Evaluate 25 + (5 - 28) + 24.
26
Calculate (16 - 9) + -18 + 1 + 15 - 1 - 36.
-32
What is the value of -41 - (49 + -145 + 31)?
24
-5 + (-6 - -56) + -11 + 4
38
What is the value of (-970 - -1002) + (-3 - 36)?
-7
Calculate -94 - (-86 - 38 - -140).
-110
-73 - (33 + -82) - -5
-19
-5 + 6 + 11 + -15 + -44
-47
(5 - (-4 - 10)) + 8 + -2 + 11
36
Evaluate (-12 + 6 + 10 - 0) + 6 - 59.
-49
5 + 0 + 134 + -172 + -2 + -14
-49
What is the value of -27 - (-12 - (4 + -2) - 0 - (72 - 75))?
-16
What is -1 + 11 + 1 + 71 + 25 + -92 - -77?
92
What is the value of (-319 + 324 - (6 + -1) - (-6 - 0)) + -28?
-22
What is the value of (-50 - -37) + (-4 - -8) + 8 - (2 - -8)?
-11
What is the value of -11 - (40 - -7) - -67?
9
What is (-2 - (2 + 0)) + (25 - -15) + -10?
26
16 + -20 - 18 - (3 + 4 + 0 - 4)
-25
-15 + (-52 - (-9 + -9))
-49
(-23 - -33) + (-8 - -11 - (-18 + 8))
23
Calculate 3 + (-9 - -20) - (62 - 68).
20
Evaluate (3 - 0) + 10 + (2 - -4 - 59).
-40
Calculate 30 + 4 + ((-1 - 0) + -2 - -13).
44
What is the value of (294 - 228) + (5 - (33 + 1))?
37
What is (-4 - (-8 - (-12 + 20 - 17))) + 9?
4
Evaluate (-102 - -1) + (49 - 14) + -46 + 13 + 0.
-99
What is the value of 70 - (42 + -107 - -177)?
-42
Evaluate -46 - (-18 - (11 + -17)) - -22.
-12
65 + (27 - (72 - (51 + -20))) + 1 + 5
57
Evaluate 0 - -31 - (-556 + 601) - (-53 + 1 + -1).
39
Calculate 5 + -18 + 216 + -216 + -1 + -30 + 7.
-37
Evaluate 1 + -77 - (-14 - (176 - 145)).
-31
2 + 3 + -95 - (-22 - (-122 + 77))
-113
What is the value of (-4 - (-4 - (3 + -4))) + (-29 - -64 - 3)?
31
What is 4 + -15 - -4 - (15 + -21) - (-105 + 32)?
72
Evaluate 208 + -166 + -1 + 3 - 87.
-43
128 - (-90 -